 What is t(1)?
-426
Let a(n) = n**3 + 32*n**2 - 101*n - 2242. Determine a(-33).
2
Let c(k) = 11*k**2 - 97*k + 3. Determine c(8).
-69
Let p(q) = 34*q - 418. What is p(11)?
-44
Let v(g) = 8115*g + 48696. What is v(-6)?
6
Let j(q) = 81*q - 141. Give j(2).
21
Let k(j) = 13*j - 415. Give k(41).
118
Let u(h) = -9*h + 207. Determine u(26).
-27
Let l(o) = 10*o**2 - 29*o - 8. Determine l(4).
36
Let z(q) = -3*q**2 - 125*q + 84. Determine z(-42).
42
Let z(u) = -11*u**2 + 79*u + 189. Determine z(9).
9
Let j(l) = 293*l + 816. Give j(-3).
-63
Let b(r) = -r**2 - 150*r + 30484. Give b(115).
9
Let c(o) = 52*o + 641. Give c(-12).
17
Let i(z) = -z**3 - 23*z**2 - 95*z + 23. Determine i(-18).
113
Let h(x) = -x**3 + 157*x**2 - 416*x - 7089. Calculate h(154).
-5
Let l(r) = -492*r - 2952. Determine l(-6).
0
Let v(c) = 4*c**2 - 40*c - 83. Calculate v(0).
-83
Let r(y) = -115*y**2 + 4*y + 5. Give r(-2).
-463
Let a(i) = 2*i**2 - 225*i + 897. What is a(108)?
-75
Let k(s) = -s**2 + 15*s + 1977. What is k(50)?
227
Let w(s) = -s**2 - 9*s + 161. What is w(10)?
-29
Let q(z) = -4*z**2 + 210*z - 115. Determine q(52).
-11
Let o(r) = 93*r + 112. Calculate o(-4).
-260
Let v(j) = -118*j - 111. What is v(-4)?
361
Let p(c) = -3*c - 240. Give p(-48).
-96
Let x(o) = 3*o**2 - 37*o + 67. What is x(10)?
-3
Let p(l) = -l**2 - 71*l + 2127. Determine p(-94).
-35
Let r(w) = -6*w**2 - 178*w + 2786. Determine r(-41).
-2
Let a(f) = -2*f**2 + 329*f - 10358. What is a(122)?
12
Let j(x) = 893*x - 8031. Give j(9).
6
Let u(h) = -2*h**3 - 8*h**2 - 17*h + 9. Calculate u(-7).
422
Let o(j) = -j**2 + 2*j - 210. Determine o(0).
-210
Let g(u) = -u**2 - 4*u - 22. What is g(-5)?
-27
Let w(y) = -7*y**3 - 117*y**2 - 70*y + 159. Calculate w(-16).
-1
Let j(z) = -z**2 - 436*z + 4923. Give j(11).
6
Let r(k) = 133*k + 2518. Give r(-19).
-9
Let p(a) = -4*a**3 + 57*a**2 + 45*a + 10. Determine p(15).
10
Let c(y) = -43*y + 1767. Give c(41).
4
Let w(z) = z**3 - 5*z**2 + 113*z - 2. What is w(0)?
-2
Let b(k) = 65*k - 3055. Calculate b(47).
0
Let o(t) = -10*t**2 - 116*t - 136. Give o(-10).
24
Let n(y) = -y**2 + 2344*y + 33010. What is n(-14)?
-2
Let q(g) = 3*g**2 + 105*g - 464. What is q(-39)?
4
Let b(d) = -97*d + 2607. Calculate b(29).
-206
Let t(d) = d**3 - 122*d**2 - 641*d - 32. Determine t(-5).
-2
Let q(i) = 4*i**2 + 20*i - 497. What is q(9)?
7
Let s(c) = 134*c + 4014. Calculate s(-30).
-6
Let m(z) = -z**3 - 6*z**2 + 16*z + 43. Determine m(-2).
-5
Let m(l) = -12*l**2 + 15*l - 5. Determine m(1).
-2
Let z(r) = -868*r + 16474. Calculate z(19).
-18
Let f(o) = -139*o + 16134. Determine f(116).
10
Let v(c) = c**3 - 20*c**2 - 23*c - 52. Determine v(21).
-94
Let l(x) = 3826*x + 7649. Calculate l(-2).
-3
Let g(r) = 2*r**2 + 136*r + 8. Calculate g(-68).
8
Let h(d) = 3660*d + 3668. Calculate h(-1).
8
Let a(h) = -h**3 - 30*h**2 - 203*h + 108. What is a(-19)?
-6
Let c(f) = -2*f**2 + 61*f + 253. Determine c(34).
15
Let g(h) = -1074*h + 4291. Give g(4).
-5
Let d(z) = -5*z**2 - 53*z + 506. Calculate d(6).
8
Let b(p) = p**3 - 2*p**2 - 9*p - 444. Determine b(0).
-444
Let n(t) = t**3 - t**2 - 2*t + 9. Calculate n(0).
9
Let f(p) = -187*p + 1314. Calculate f(7).
5
Let d(u) = 25*u - 148. Determine d(6).
2
Let g(q) = 437*q - 890. Calculate g(2).
-16
Let d(z) = 118*z - 14722. Calculate d(125).
28
Let l(a) = -4*a**3 + 29*a**2 + 37*a - 85. Determine l(8).
19
Let n(s) = 6*s - 258. Give n(30).
-78
Let n(c) = c**3 - c**2 - 79*c - 276. Calculate n(11).
65
Let x(n) = -n - 158. Give x(11).
-169
Let u(f) = 136*f + 9112. Determine u(-67).
0
Let s(o) = -2*o**3 - 77*o**2 + 38*o - 54. Give s(-39).
-15
Let u(h) = h**3 + 8*h**2 - 18*h - 175. Calculate u(-6).
5
Let f(z) = 35*z + 590. Determine f(-15).
65
Let b(k) = k**3 + 19*k**2 + 16*k - 442. Give b(-16).
70
Let s(k) = -k**2 + 11*k + 162. Determine s(19).
10
Let c(f) = 149*f + 14134. Give c(-95).
-21
Let b(k) = 3*k**2 - 128*k + 1159. Determine b(13).
2
Let j(v) = 28*v - 18. Give j(-3).
-102
Let l(p) = p**3 - 8*p**2 - 26*p + 21. Calculate l(11).
98
Let j(c) = -c**2 + 267. Calculate j(-20).
-133
Let k(o) = o**3 - 30*o**2 + 9*o - 177. Give k(30).
93
Let s(g) = -323*g + 979. Determine s(3).
10
Let f(s) = s**3 - 33*s**2 - 52*s + 3. Give f(35).
633
Let v(t) = -3*t**2 + 80*t - 642. Give v(8).
-194
Let f(q) = -63*q - 420. Give f(-7).
21
Let t(h) = -13*h**2 - 75*h - 212. Determine t(-4).
-120
Let h(f) = 44*f**3 + 617*f**2 + 44*f + 427. Give h(-14).
7
Let x(k) = -99*k - 2201. Calculate x(-24).
175
Let r(u) = -u**2 + 59*u - 829. Give r(24).
11
Let z(q) = -q**2 + 32*q + 896. Determine z(50).
-4
Let l(a) = -13*a + 179. Determine l(25).
-146
Let w(y) = -11*y + 588. Give w(62).
-94
Let g(c) = -40*c**3 + 6*c**2 + c. Determine g(-2).
342
Let p(w) = -w**2 - 58*w - 324. Give p(-52).
-12
Let o(w) = -655*w + 3278. Calculate o(5).
3
Let s(c) = -671*c - 17457. Give s(-26).
-11
Let v(t) = 10*t**2 + 70*t + 70. Determine v(-1).
10
Let b(a) = -145*a - 13. Calculate b(1).
-158
Let h(r) = r**2 - 6*r - 172. Give h(-11).
15
Let b(c) = -c**2 - 109*c - 1393. What is b(-94)?
17
Let w(f) = 3*f**2 - 48*f + 161. What is w(11)?
-4
Let w(q) = q**2 - 10*q - 30. Give w(15).
45
Let r(b) = 2*b**2 - 6*b - 3. What is r(3)?
-3
Let h(v) = -496*v - 76406. Give h(-154).
-22
Let q(k) = 64*k + 20. Calculate q(-1).
-44
Let q(c) = 8*c**2 + 26*c + 8. Calculate q(-4).
32
Let w(b) = 217*b - 34055. Calculate w(157).
14
Let a(c) = -84*c + 17. What is a(1)?
-67
Let n(q) = -q**3 + 29*q**2 + 29*q + 5. Determine n(30).
-25
Let b(w) = 14*w**2 - 70*w - 922. Calculate b(11).
2
Let p(n) = -30*n**2 + 168*n + 88. Determine p(6).
16
Let h(v) = v**3 - 63*v**2 + 230*v + 366. Calculate h(59).
12
Let d(r) = 2*r**3 - 61*r**2 + 39*r - 269. What is d(30)?
1
Let h(l) = -2*l**3 + 14*l**2 - 25*l + 1. Calculate h(3).
-2
Let u(z) = 2*z**2 - 7*z - 185. Determine u(12).
19
Let n(d) = 55*d + 61. What is n(-1)?
6
Let f(q) = 36*q - 179. Determine f(7).
73
Let o(z) = z**3 - 9*z**2 + 15*z - 8. Determine o(7).
-1
Let t(i) = -102*i + 1001. Give t(15).
-529
Let x(l) = 28*l + 305. Determine x(-10).
25
Let q(w) = -44*w**2 + 260*w + 17. What is q(6)?
-7
Let x(s) = s**3 + 4*s**2 + 12*s + 17. Determine x(-3).
-10
Let r(o) = 18*o - 35. Calculate r(10).
145
Let j(w) = -7*w**3 + 8*w**2 + 70*w - 77. What is j(1)?
-6
Let b(d) = -d**2 + 31*d - 259. Calculate b(20).
-39
Let u(t) = t**2 - 27*t + 141. Determine u(23).
49
Let k(j) = 2*j**2 + 126*j + 698. Give k(-61).
454
Let z(c) = -82*c - 73. What is z(-1)?
9
Let z(g) = 52*g**2 + 12*g - 10. Give z(1).
54
Let g(p) = -165*p**2 + 4125*p - 13. Determine g(25).
-13
Let a(v) = 3293*v - 29641. What is a(9)?
-4
Let x(y) = -y**2 + 87*y - 644. Give x(66).
742
Let d(i) = -123*i - 2621. Calculate d(-21).
-38
Let j(i) = 27*i - 36. Determine j(-26).
-738
Let s(r) = -r**2 + 499*r + 9836. Calculate s(-19).
-6
Let o(z) = z**3 - 8*z**2 - 17*z - 15. Give o(-1).
-7
Let y(u) = -u**3 + 16*u + 28. Calculate y(8).
-356
Let k(t) = -t**3 - 6*t**2 - 9*t + 9. What is k(-7)?
121
Let x(z) = 114*z + 4691. Determine x(-41).
17
Let t(i) = -i**2 - 66*i - 38. Calculate t(-12).
610
Let b(c) = -19*c - 98. Determine b(-8).
54
Let h(w) = -w**3 - 82*w**2 - 81*w - 2. Determine h(-81).
-2
Let f(c) = -16*c**3 - 4*c**2 - c - 79. Give f(0).
-79
Let h(m) = 38*m + 1290. Determine h(-34).
-2
Let u(h) = 207*h + 3088. Determine u(-15).
-17
Let w(t) = -378*t + 98. Calculate w(0).
98
Let x(o) = o**3 - 13*o**2 - 110*o + 11. Give x(-6).
-13
Let j(y) = -8*y - 46. Calculate j(-10).
34
Let z(g) = -g**3 - 12*g**2 + 17*g + 197. Determine z(-12).
-7
Let d(o) = -8*o**2 - 127*o - 81. Give d(-15).
24
Let z(o) = o**3 + 10*o**2 + 5*o + 38. Calculate z(-10).
-12
Let b(u) = 302*u - 6331. What is b(21)?
11
Let l(h) = -4609*h - 73751. Calculate l(-16).
-7
Let w(g) = -2*g**2 + 229*g + 1674. Determine w(123).
-417
Let f(c) = c**3 + 97*c**2 - 206*c - 777. What is f(-99)?
15
Let o(y) = y**3 + 56*y**2 + 119*y + 534. Calculate o(-54).
-60
Let w(m) = -4*m**3 + 39*m**2 + 7*m + 10. Calculate w(6).
592
Let v(l) = -l**3 + l**2 + 39*l + 85. What is v(-4)?
9
Let c(k) = -k**3 - 9*k**2 - 7*k - 30. Give c(-7).
-79
Let h(n) = n**3 - 59*n**2 + 117*n - 143. What is h(57)?
28
Let i(j) = 658*j - 3940. Calculate i(6).
8
Let n(w) = w**3 + 17*w**2 - 52*w - 52. What is n(-20)?
-212
Let k(m) = m**2 - 8*m - 49. What is k(11)?
-16
Let o(i) = -18*i + 55